ivisor of 56 and 1148.
28
Calculate the greatest common factor of 3 and 15.
3
Calculate the greatest common divisor of 29448 and 12.
12
What is the greatest common factor of 126 and 432?
18
What is the highest common divisor of 132 and 276?
12
Calculate the greatest common factor of 37 and 8177.
37
What is the greatest common divisor of 20 and 620?
20
What is the greatest common factor of 948 and 114?
6
What is the greatest common divisor of 832 and 26?
26
What is the highest common divisor of 242 and 22?
22
What is the highest common divisor of 18 and 240?
6
Calculate the highest common divisor of 264 and 1464.
24
Calculate the highest common factor of 50 and 550.
50
Calculate the greatest common divisor of 44 and 6358.
22
Calculate the greatest common divisor of 41 and 8733.
41
Calculate the greatest common divisor of 2117 and 29.
29
What is the greatest common factor of 15 and 375?
15
Calculate the greatest common divisor of 1617 and 9.
3
Calculate the greatest common divisor of 900 and 460.
20
Calculate the greatest common divisor of 3195 and 45.
45
Calculate the highest common factor of 36 and 6012.
36
Calculate the highest common divisor of 715 and 55.
55
Calculate the highest common divisor of 3 and 69.
3
What is the highest common factor of 14 and 3808?
14
Calculate the greatest common factor of 755 and 40.
5
What is the highest common factor of 396 and 3204?
36
Calculate the highest common divisor of 168 and 210.
42
Calculate the greatest common factor of 104 and 5668.
52
Calculate the greatest common factor of 56 and 84.
28
Calculate the greatest common factor of 12 and 12.
12
What is the greatest common factor of 108 and 378?
54
What is the greatest common factor of 1102 and 174?
58
What is the greatest common factor of 17974 and 430?
86
Calculate the greatest common factor of 42 and 5607.
21
What is the highest common divisor of 209 and 19?
19
What is the highest common factor of 4212 and 162?
162
What is the highest common divisor of 8550 and 95?
95
Calculate the highest common factor of 111 and 9.
3
What is the highest common factor of 4 and 3284?
4
What is the highest common factor of 1254 and 2673?
33
Calculate the highest common factor of 85 and 34.
17
Calculate the greatest common factor of 275 and 105.
5
What is the greatest common divisor of 2 and 578?
2
What is the greatest common divisor of 128 and 4?
4
What is the highest common factor of 260 and 60?
20
Calculate the highest common divisor of 455 and 364.
91
Calculate the highest common factor of 52 and 316.
4
What is the highest common factor of 22 and 24057?
11
Calculate the highest common divisor of 51 and 323.
17
What is the highest common factor of 30 and 90?
30
What is the highest common divisor of 207 and 1081?
23
What is the greatest common divisor of 111 and 185?
37
What is the greatest common factor of 99 and 88?
11
What is the greatest common divisor of 33 and 3?
3
Calculate the greatest common divisor of 156 and 273.
39
Calculate the highest common factor of 38 and 6593.
19
Calculate the greatest common divisor of 14 and 154.
14
What is the greatest common factor of 370 and 250?
10
Calculate the highest common divisor of 5200 and 32.
16
What is the greatest common factor of 107 and 32849?
107
What is the greatest common divisor of 1258 and 17?
17
What is the greatest common factor of 58 and 377?
29
Calculate the greatest common divisor of 259 and 140.
7
What is the greatest common factor of 16 and 488?
8
What is the highest common factor of 84 and 24696?
84
Calculate the highest common factor of 1395 and 186.
93
Calculate the highest common divisor of 57 and 4731.
57
Calculate the highest common divisor of 371 and 7.
7
Calculate the highest common divisor of 136 and 153.
17
Calculate the highest common factor of 5 and 1340.
5
What is the greatest common factor of 154 and 1463?
77
What is the highest common divisor of 240 and 48?
48
What is the greatest common factor of 63 and 207?
9
What is the highest common divisor of 4 and 810?
2
Calculate the highest common factor of 13 and 117.
13
What is the greatest common divisor of 96 and 656?
16
What is the greatest common divisor of 121 and 3751?
121
Calculate the highest common factor of 636 and 1113.
159
What is the greatest common divisor of 986 and 87?
29
What is the highest common factor of 2896 and 10498?
362
What is the highest common divisor of 286 and 22?
22
Calculate the highest common divisor of 3 and 501.
3
Calculate the greatest common factor of 2576 and 112.
112
What is the greatest common divisor of 114 and 399?
57
Calculate the highest common divisor of 474 and 5056.
158
What is the highest common divisor of 11231 and 11?
11
Calculate the highest common divisor of 1100 and 88.
44
Calculate the greatest common factor of 1270 and 130.
10
Calculate the greatest common factor of 72 and 248.
8
Calculate the highest common factor of 332 and 4.
4
What is the greatest common factor of 9 and 369?
9
Calculate the highest common divisor of 372 and 132.
12
Calculate the greatest common factor of 16 and 1980.
4
What is the highest common divisor of 26 and 208?
26
Calculate the highest common divisor of 133 and 304.
19
What is the greatest common factor of 8 and 16?
8
Calculate the greatest common divisor of 7692 and 60.
12
What is the greatest common factor of 3551 and 67?
67
What is the highest common factor of 45 and 5610?
15
What is the greatest common factor of 792 and 2442?
66
What is the greatest common divisor of 94 and 4?
2
Calculate the greatest common factor of 189 and 621.
27
What is the greatest common factor of 1136 and 16?
16
Calculate the highest common factor of 128 and 1080.
8
Calculate the greatest common divisor of 74 and 2.
2
Calculate the greatest common factor of 66 and 372.
6
Calculate the highest common divisor of 530 and 320.
10
Calculate the greatest common factor of 7924 and 56.
28
What is the greatest common divisor of 2892 and 84?
12
Calculate the highest common divisor of 162 and 24.
6
Calculate the greatest common divisor of 14 and 38458.
14
Calculate the highest common factor of 74 and 16502.
74
What is the highest common factor of 38 and 266?
38
Calculate the highest common factor of 18 and 1602.
18
What is the highest common divisor of 23 and 2944?
23
What is the highest common factor of 172 and 556?
4
What is the highest common divisor of 72 and 184?
8
Calculate the highest common factor of 290 and 50.
10
Calculate the highest common factor of 12 and 15.
3
What is the highest common divisor of 245 and 784?
49
What is the greatest common factor of 300 and 12?
12
What is the highest common factor of 735 and 20?
5
Calculate the highest common divisor of 145 and 5365.
145
Calculate the greatest common factor of 3 and 75.
3
What is the highest common factor of 42 and 318?
6
Calculate the highest common factor of 3684 and 48.
12
What is the highest common factor of 300 and 270?
30
Calculate the highest common divisor of 315 and 1071.
63
Calculate the highest common divisor of 22 and 1078.
22
What is the highest common factor of 160 and 6560?
160
What is the highest common divisor of 98 and 630?
14
Calculate the greatest common divisor of 24 and 1192.
8
What is the highest common factor of 13265 and 35?
35
Calculate the greatest common divisor of 16199 and 334.
167
Calculate the highest common divisor of 15 and 1515.
15
What is the highest common factor of 10500 and 35?
35
What is the greatest common factor of 10878 and 444?
222
What is the greatest common factor of 38 and 1178?
38
What is the greatest common divisor of 248 and 4402?
62
Calculate the greatest common factor of 1 and 693.
1
Calculate the greatest common divisor of 50 and 700.
50
Calculate the greatest common factor of 1067 and 308.
11
What is the greatest common divisor of 555 and 285?
15
What is the highest common factor of 135 and 16290?
45
Calculate the greatest common factor of 30 and 510.
30
What is the greatest common divisor of 176 and 44?
44
Calculate the greatest common divisor of 225 and 63.
9
What is the greatest common factor of 192 and 24?
24
What is the greatest common factor of 592 and 48?
16
Calculate the highest common factor of 190 and 30.
10
What is the highest common factor of 481 and 13?
13
Cal